 the prime factors of 253457959?
541, 468499
What are the prime factors of 1567109833?
67, 593, 39443
What are the prime factors of 37510924?
2, 11, 852521
List the prime factors of 980700496.
2, 23, 47, 56701
List the prime factors of 7472195009.
7472195009
What are the prime factors of 1032946461?
3, 5791, 19819
What are the prime factors of 74255230?
2, 5, 7, 19, 31, 1801
What are the prime factors of 95937565?
5, 113, 277, 613
List the prime factors of 40787280.
2, 3, 5, 23, 821
List the prime factors of 277510.
2, 5, 27751
List the prime factors of 192133611.
3, 1669, 12791
What are the prime factors of 58369507?
7, 1049, 7949
What are the prime factors of 3740421403?
271, 13802293
What are the prime factors of 291142689?
3, 97047563
What are the prime factors of 174795789?
3, 7, 29, 131, 313
What are the prime factors of 2912228340?
2, 3, 5, 7, 6933877
What are the prime factors of 337952733?
3, 112650911
List the prime factors of 45540619.
389, 117071
What are the prime factors of 445414907?
7, 569, 111829
List the prime factors of 833587315.
5, 11, 251, 60383
What are the prime factors of 625334813?
443, 1009, 1399
List the prime factors of 96687866.
2, 11, 4394903
What are the prime factors of 715279448?
2, 13, 883, 7789
List the prime factors of 95226952.
2, 29, 410461
What are the prime factors of 77523230?
2, 5, 17, 19, 24001
What are the prime factors of 37837488?
2, 3, 13, 60637
List the prime factors of 974768972.
2, 59, 677, 6101
List the prime factors of 62165455.
5, 11, 1130281
What are the prime factors of 2714521820?
2, 5, 31, 281, 15581
What are the prime factors of 265071?
3, 149, 593
List the prime factors of 993135803.
11, 47, 1920959
List the prime factors of 614529167.
7, 87789881
What are the prime factors of 30754463?
79, 389297
List the prime factors of 2107759350.
2, 3, 5, 14051729
What are the prime factors of 1724617649?
17, 101448097
What are the prime factors of 288449660?
2, 5, 29, 211, 2357
What are the prime factors of 659169897?
3, 2857, 76907
What are the prime factors of 1781801905?
5, 13, 29, 307, 3079
What are the prime factors of 248358212?
2, 53, 241, 4861
What are the prime factors of 1943601522?
2, 3, 23, 14084069
What are the prime factors of 1281878239?
6143, 208673
What are the prime factors of 8755633?
251, 34883
List the prime factors of 111636083.
13, 59, 145549
What are the prime factors of 178622355?
3, 5, 11908157
What are the prime factors of 744901644?
2, 3, 23, 53, 50923
List the prime factors of 55878696.
2, 3, 19, 40847
List the prime factors of 991452176.
2, 11, 13, 577, 751
What are the prime factors of 431516477?
7, 167, 369133
What are the prime factors of 62549340?
2, 3, 5, 7, 148927
List the prime factors of 11899495.
5, 2379899
What are the prime factors of 18757270?
2, 5, 7, 267961
What are the prime factors of 500565207?
3, 61, 2735329
List the prime factors of 698001444.
2, 3, 7, 67, 41341
What are the prime factors of 385000977?
3, 128333659
List the prime factors of 755925532.
2, 2579, 73277
What are the prime factors of 2580740425?
5, 103229617
List the prime factors of 1011961247.
11, 7639, 12043
List the prime factors of 135487776.
2, 3, 1411331
What are the prime factors of 41924255?
5, 991, 8461
What are the prime factors of 191755111?
4751, 40361
What are the prime factors of 117047375?
5, 936379
What are the prime factors of 31458575?
5, 1258343
What are the prime factors of 8521802518?
2, 19, 12107, 18523
What are the prime factors of 568534186?
2, 11, 139, 185917
List the prime factors of 184271837.
23, 8011819
What are the prime factors of 1950380358?
2, 3, 23, 97, 145703
List the prime factors of 6035769863.
43, 140366741
List the prime factors of 83938947.
3, 27979649
What are the prime factors of 10128922?
2, 5064461
List the prime factors of 159942159.
3, 13, 1367027
List the prime factors of 182319945.
3, 5, 359, 33857
What are the prime factors of 2228791153?
2228791153
What are the prime factors of 13413244?
2, 13, 257947
List the prime factors of 1791371175.
3, 5, 11, 17, 127727
What are the prime factors of 43033300?
2, 5, 430333
What are the prime factors of 938218438?
2, 23, 20396053
What are the prime factors of 107241496?
2, 13405187
List the prime factors of 49385084.
2, 7, 37, 73, 653
What are the prime factors of 1211232145?
5, 242246429
List the prime factors of 57134306.
2, 103, 337, 823
What are the prime factors of 15325486?
2, 11, 59, 11807
List the prime factors of 2026678010.
2, 5, 7, 31, 933953
List the prime factors of 95033908.
2, 37, 642121
List the prime factors of 228904600.
2, 5, 1144523
List the prime factors of 471910702.
2, 2609, 90439
What are the prime factors of 50268965?
5, 19, 353, 1499
What are the prime factors of 665444676?
2, 3, 13, 19, 347, 647
What are the prime factors of 196600002?
2, 3, 17, 41, 53, 887
What are the prime factors of 63694245?
3, 5, 23, 349
List the prime factors of 474005597.
13, 19, 23, 83437
What are the prime factors of 17652144?
2, 3, 31, 11863
What are the prime factors of 19085166?
2, 3, 353429
What are the prime factors of 105236377?
105236377
What are the prime factors of 24166693?
1571, 15383
List the prime factors of 116271401.
116271401
What are the prime factors of 4691957700?
2, 3, 5, 1867, 8377
What are the prime factors of 472549106?
2, 1597, 147949
List the prime factors of 4900794604.
2, 1225198651
What are the prime factors of 1244805905?
5, 7, 619, 57457
What are the prime factors of 99275526?
2, 3, 7, 29, 101, 269
What are the prime factors of 48202044?
2, 3, 11, 89, 373
List the prime factors of 1178047761.
3, 11, 131, 272507
What are the prime factors of 39226962?
2, 3, 83, 227, 347
What are the prime factors of 419387564?
2, 811, 129281
What are the prime factors of 901969634?
2, 19, 43, 552001
What are the prime factors of 61389994?
2, 30694997
List the prime factors of 732709431.
3, 643, 126613
List the prime factors of 23870325.
3, 5, 318271
What are the prime factors of 47716640?
2, 5, 61, 4889
What are the prime factors of 1523448188?
2, 380862047
List the prime factors of 897520418.
2, 448760209
What are the prime factors of 117785288?
2, 14723161
What are the prime factors of 3237862544?
2, 7, 563, 51349
List the prime factors of 104382382.
2, 13, 67, 59921
What are the prime factors of 2961596132?
2, 11, 41, 283, 5801
What are the prime factors of 759488390?
2, 5, 75948839
List the prime factors of 67733588.
2, 13, 139, 9371
List the prime factors of 204314706.
2, 3, 263, 43159
List the prime factors of 3803013082.
2, 11, 181, 955051
What are the prime factors of 2135987543?
19, 79, 74897
List the prime factors of 171448882.
2, 11, 107, 173, 421
List the prime factors of 558736579.
12823, 43573
List the prime factors of 947349496.
2, 29, 139, 1013
List the prime factors of 1589335563.
3, 263, 761, 2647
What are the prime factors of 19174493?
13, 1474961
List the prime factors of 93532461.
3, 11, 2834317
List the prime factors of 350543120.
2, 5, 353, 12413
List the prime factors of 359498397.
3, 119832799
What are the prime factors of 286459131?
3, 7, 13640911
What are the prime factors of 19641559?
7, 229, 12253
List the prime factors of 1004385116.
2, 7, 35870897
List the prime factors of 136916242.
2, 19, 67, 53777
List the prime factors of 40616507.
47, 79, 10939
What are the prime factors of 776211344?
2, 41, 811, 1459
List the prime factors of 600055358.
2, 7, 17, 107, 23563
List the prime factors of 227505196.
2, 56876299
List the prime factors of 335833445.
5, 6961, 9649
List the prime factors of 26350275.
3, 5, 7, 53, 947
List the prime factors of 5245268382.
2, 3, 291403799
List the prime factors of 4591985511.
3, 61, 25092817
What are the prime factors of 1614299898?
2, 3, 1733, 155251
List the prime factors of 5062364986.
2, 7, 361597499
List the prime factors of 263228099.
29, 31, 292801
List the prime factors of 1590687706.
2, 795343853
List the prime factors of 67477063.
17, 643, 6173
What are the prime factors of 43405251?
3, 53, 272989
List the prime factors of 26956805.
5, 23, 29, 59, 137
What are the prime factors of 368929014?
2, 3, 61488169
What are the prime factors of 346709072?
2, 21669317
List the prime factors of 102622699.
102622699
What a